 divided by g.
11
Calculate the remainder when 0 + 61 - 20/(-10) is divided by 32.
31
Suppose 0 = -7*l + 9*l - 248. What is the remainder when l is divided by 18?
16
Let t = 48 + -24. Let s = -14 + t. What is the remainder when 17 is divided by (1 - 1) + s - 1?
8
Suppose 2*x + 5*x - 161 = 0. Calculate the remainder when x is divided by 8.
7
Suppose -2*y = -7*y + 3*m + 257, -m = -4*y + 207. What is the remainder when y is divided by 14?
10
Suppose -2*s = -3*i - 20, -s + i - 1 = -10. What is the remainder when 45 is divided by s?
3
Suppose 6*s - 281 = -5*r + 3*s, s - 287 = -5*r. Let u = -7 - -22. What is the remainder when r is divided by u?
13
Let w = 18 - -39. Calculate the remainder when w is divided by 20.
17
Let k = 18 + -11. Suppose 3*c - k*c = -16. Calculate the remainder when 14 is divided by c.
2
Suppose -14 = -3*r - 5. Suppose 175 = r*k - 2. What is the remainder when k is divided by 20?
19
Suppose -a + 21 = -5*m, -a + 6*a - 126 = 4*m. Suppose -5*i - 3*g + 0 = -79, -2*i + 16 = -4*g. What is the remainder when a is divided by i?
12
Let u = -366 + 657. What is the remainder when u is divided by 49?
46
Suppose 5*a = 2*q - 3, 2*q + 0*a - 4*a - 4 = 0. Suppose 0 = 5*u + 3*o - 20, u + q*u = o. What is the remainder when u is divided by 1?
0
Let l(q) = q + 15. What is the remainder when 40 is divided by l(6)?
19
Calculate the remainder when 23 is divided by ((-3)/(-3))/(-3 - 37/(-12)).
11
Let i be 1*1/1*-7. Let n(a) be the third derivative of -5*a**4/24 - a**3/3 + 3*a**2. Calculate the remainder when n(i) is divided by 9.
6
Suppose -m + 2 + 2 = 0. Suppose -v = -2*v - p - m, 4*v + p = -10. Let w(a) = -9*a + 2. Calculate the remainder when 59 is divided by w(v).
19
Suppose -2*a - 4*v + 74 + 34 = 0, -5*a + 4*v = -242. Suppose 0 = -0*l - 5*l + a. Let f = -14 + 42. Calculate the remainder when f is divided by l.
8
Let l = -16 + 37. Calculate the remainder when 103 is divided by l.
19
Let v be (-6 + 1)*6/5. Let d = v + 17. Calculate the remainder when d is divided by 4.
3
Let r(m) = -2*m - 9. Let k(w) be the third derivative of -w**6/120 + w**5/20 + w**4/4 - 5*w**3/6 + 2*w**2. What is the remainder when r(-6) is divided by k(4)?
0
Suppose -4*s + 0*s = -44. Calculate the remainder when 64 is divided by s.
9
Suppose -4*r + 5*z = -10, -3*r - z = -0*z - 17. Calculate the remainder when 11 is divided by r.
1
Let k = 64 + -46. What is the remainder when k is divided by 5?
3
Let k(l) = l**3 + 3*l**2 - 7*l. What is the remainder when 95 is divided by k(-4)?
11
Let g = -53 - -75. Suppose 4*v - 122 + 49 = -3*x, -2*x + 44 = 5*v. Suppose -x = -2*c - 11. Calculate the remainder when g is divided by c.
6
Let s be 12 - (0 + 3)*1. Suppose -110 = -s*f + 4*f. Suppose -4*w = -47 - 1. What is the remainder when f is divided by w?
10
Suppose 0 = 3*d + 2*d - 65. Let i be (-1 - 98/2)*-3. Suppose 40 = 5*u - i. Calculate the remainder when u is divided by d.
12
Let g(p) = 42*p**2 + p - 2. Let h be g(1). Suppose 2*j = -2*a - 9 + h, -5*j + 56 = -3*a. Calculate the remainder when j is divided by 8.
5
Suppose 3*d - 79 = -4*r, 4*r = 3*d + 12 + 61. Suppose 5*c - 64 = 3*c. Suppose -4*u + 4*f + c = 0, 3*f = 7 - 1. Calculate the remainder when r is divided by u.
9
Let c(t) = 10*t - 6. Let o be (5/10)/((-2)/(-24)). What is the remainder when c(o) is divided by 19?
16
Let l(h) = h**3 + 11*h**2 + 10*h - 3. Let b be l(-10). Calculate the remainder when 15 is divided by 3/(-2)*16/b.
7
Let f(s) = -6*s + 13. Let y(l) = 2*l + 5. Calculate the remainder when f(-6) is divided by y(6).
15
Let v = 49 - 187. Calculate the remainder when v/(-18)*6/2 is divided by 13.
10
Suppose d = 4*n + 5, 4*n = -6*d + 3*d + 95. Let g(k) = k + 4. Calculate the remainder when d is divided by g(5).
7
Let i = 68 - 34. What is the remainder when i is divided by 12?
10
Let y(o) = -o**2 + 7*o - 4. Let b be y(6). Calculate the remainder when 13 is divided by (7/(-2))/((-1)/b).
6
Let i = 0 + 1. Suppose d - 6 = j + 2*j, -4*d + 13 = -j. Calculate the remainder when d is divided by i.
0
Let f(z) = 24*z**2 - 3*z + 1. What is the remainder when f(2) is divided by 31?
29
Let h(b) = -2*b + 2. Let u be h(-7). Suppose 4*l + 24 = 5*r, 3*r + 5*l = 28 + u. What is the remainder when 29 is divided by r?
5
Let h(v) = 2*v**2 - 2*v + 7. Suppose 867 = 34*o - 187. What is the remainder when h(-6) is divided by o?
29
Let j(q) = -q. Let g be j(1). Let p(z) = -z**3 + 8*z**2 - 7*z + 8. What is the remainder when g/((1*-2)/30) is divided by p(7)?
7
Let j(c) be the third derivative of 0*c - c**3 - 3*c**2 - 1/4*c**4 + 0 + 1/60*c**5. What is the remainder when 28 is divided by j(8)?
8
Let j = 42 - 28. Calculate the remainder when 25 is divided by j.
11
Suppose -d - 5*t = -1, -d - t = -3*t - 1. Let b be d/2*44/(-1). Let j = 32 + b. What is the remainder when 18 is divided by j?
8
Let h = -40 + 61. Let n = 15 - h. Calculate the remainder when (-456)/(-18) + 2/n is divided by 14.
11
Suppose 2*h = -h + 174. Calculate the remainder when h is divided by 20.
18
Let a(f) = -87*f - 1. Let p be a(-1). Calculate the remainder when (4 - p)*(-2)/4 is divided by 14.
13
Suppose 12*s - 9*s - 18 = 0. Calculate the remainder when s is divided by 4.
2
Let d = -23 + 29. Suppose -4*f - 1 = 5*w, -2*w + 4*f + 0 = 6. Calculate the remainder when 2 + w + 5*2 is divided by d.
5
Let p(d) = 8*d**2 - 4*d + d**3 + 1 - d**3 - d**3. Calculate the remainder when p(6) is divided by 17.
15
Let m(u) be the third derivative of -u**5/60 + 5*u**4/24 - u**3/2 + 2*u**2. Calculate the remainder when 1/6 + 10/12 is divided by m(4).
0
Let p = 32 + -50. Let g = p - -35. Suppose -n + 4*t = 10, -5*n + 22 = -3*t + t. Calculate the remainder when g is divided by n.
5
Let d(l) = -l + 9. Let x(q) = q**3 + 6*q**2 + 6*q + 7. Let f be x(-5). Suppose -f*y - 27 = -5*y. Calculate the remainder when d(-7) is divided by y.
7
Let b = 17 + -10. Calculate the remainder when 11 is divided by b.
4
Calculate the remainder when 14 - (-8 + 4 - -1) is divided by 5.
2
Suppose 21 = 18*o - 11*o. Let b = 11 - 2. Calculate the remainder when b is divided by o.
0
Let t(p) = -p**3 - 15*p**2 - 12*p + 18. Let n be t(-14). Let j = 63 + n. What is the remainder when j is divided by 14?
11
Suppose 0 = -3*i + 2*q + 52, 3*i + 4*q - 59 - 17 = 0. Suppose 9 = 4*d + 1. Suppose u = -d*u + 21. What is the remainder when i is divided by u?
6
Let g = -3 + -32. Let c = -21 - g. Suppose 0*f - 2*f - 12 = -3*b, 3*f = -4*b + 16. What is the remainder when c is divided by b?
2
Suppose a - 4*a = -4*c - 87, 116 = 4*a - 5*c. What is the remainder when a is divided by 11?
7
Let n(x) be the third derivative of x**5/60 - x**4/6 - 5*x**3/3 + x**2. Calculate the remainder when 19 is divided by n(7).
8
Let m(g) = 12*g**2. Let f be m(-1). What is the remainder when 202/f + (-3)/(-18) is divided by 10?
7
Calculate the remainder when 64 is divided by ((-99)/45)/((-2)/10).
9
Let z be 4/(-6)*(-6)/(-4). Let q(s) = 21*s**2 - s. Let i be q(z). Let v = -13 + i. What is the remainder when 17 is divided by v?
8
Let u = 5 - 0. Let o(i) = -i**3 + 4*i**2 + 7*i. Let l be o(u). Suppose z + 5 = l. What is the remainder when z is divided by 2?
1
Suppose 0 = -n + 3*p + 2*p - 7, -2*p = -8. Calculate the remainder when n is divided by 8.
5
Let v = 66 + -51. What is the remainder when v is divided by 8?
7
Let k = -20 + 33. Let r be (50 - 0)/((-2)/(-1)). Suppose -11 = 2*m - r. What is the remainder when k is divided by m?
6
Let t(u) = u**2 + 11*u + 13. What is the remainder when 48 is divided by t(-11)?
9
Suppose -4*n + 21 = 3*s - 59, 4*s - 3*n = 115. Suppose -s = -5*d + d. What is the remainder when 25 is divided by d?
4
What is the remainder when 28 is divided by (-2 + 0)*(-195)/26?
13
Let y = 344 + -246. What is the remainder when y is divided by 26?
20
Suppose -1 = k - 5. Suppose k = -m + 37. Suppose -20 = -4*f, 2*q - q - 4*f = -11. What is the remainder when m is divided by q?
6
Suppose x = -x + 10. Suppose -x*h + 113 = 3. What is the remainder when 84 is divided by h?
18
Let r(v) = -v**2 + 2*v - 8 - 5*v - 5*v. Let j be r(-6). Suppose -35 = -2*w - 5*b, j*b = -2*w + 5*b + 17. What is the remainder when 28 is divided by w?
8
Let g be ((-28)/16)/((-2)/264). Suppose 139 = 3*q - i + 3*i, 0 = -5*q - 4*i + g. What is the remainder when q is divided by 12?
11
Suppose f